 = 0. What is the greatest common factor of 135 and w?
27
Let r be (1 + -43)*6/(-2). Let n be (203 - 2) + (-315)/(-35). What is the greatest common divisor of r and n?
42
Let t = 43 + -43. Suppose t = 5*a - 2*b - 56, 3*a - 13 = -4*b + 5. Suppose -n - 2*q + a = -6*q, -n + 2*q = -8. What is the greatest common divisor of 9 and n?
3
Let h be (-4554)/253 - (-74 - 0). What is the highest common factor of h and 182?
14
Suppose 204 = -l + 4*l + 2*h, 0 = 2*l - 5*h - 117. Let j = -470 + 536. What is the greatest common divisor of j and l?
66
Let w(f) = f + 4. Let u be w(-1). Let b be 2*-1*u*(-4)/(-24). Let t(h) = 16*h**2 - 1. Let l be t(b). What is the highest common divisor of 120 and l?
15
Let p(t) = 4*t**2 - 39*t + 40. Let s be p(16). Suppose -s = -7*l + 2*l + 2*v, 0 = 2*l - 3*v - 165. What is the greatest common factor of l and 990?
90
Let m(f) = -14*f**3 + 35*f**3 + 18 + 22*f**2 - 23*f - 20*f**3. Let u be m(-23). Let h be (-2)/(-12) - -1*897/u. Calculate the highest common factor of h and 20.
10
Let l = 3776 - 3521. What is the highest common factor of 1088 and l?
17
Suppose 15*q = -12*q + 2*q + 18800. What is the greatest common divisor of 112 and q?
16
Let r(o) = o**3 - 6*o**2 - 26*o + 72 - 156 + 0*o**3 + 78. Let j be r(9). Suppose 0 = n - 4 - 5. What is the highest common divisor of j and n?
3
Let q be (44/6)/((-1)/3). Suppose 4*k - 12*k - 1040 = 0. Let y = q - k. Calculate the greatest common divisor of 36 and y.
36
Let a be (-40320)/(-100) + ((-22)/10 - (1 + -3)). What is the highest common divisor of a and 156?
13
Let q(v) = -2*v**3 + 23*v**2 + 12*v + 36. Let n be q(12). Let m be 36*(82/8 + -6). Calculate the highest common factor of n and m.
9
Suppose k = -x + 74, -89 = -3*k + 2*k + 2*x. Let v = k + 26. Calculate the greatest common factor of 14 and v.
7
Let i(u) be the third derivative of -u**4/8 + 17*u**3/6 - 12*u**2. Let j = 66 + -71. Let m be i(j). What is the greatest common divisor of 4 and m?
4
Suppose 0 = 97*c + 29*c - 2268. What is the greatest common divisor of c and 477?
9
Let v be 1*3 + (-210)/(-15). Let l be (850/(-150))/((-2)/78). Calculate the highest common factor of l and v.
17
Let x(m) = -m**3 - 2*m**2 + 100*m + 112. Let u be x(-14). What is the highest common divisor of u and 798?
266
Let p be 328/(-18) - (4 - 418/99). Let h be 5 + -2 + p + 19. Calculate the highest common factor of h and 10.
2
Suppose 22*v = 21*v + 36. Let a(u) = u**2 + u - 2. Let k be a(2). Suppose 0 = -k*c + v + 4. Calculate the highest common factor of c and 25.
5
Suppose n = -2*t + 30, -10*t = -2*n - 15*t + 59. Suppose -f = -52 - 4. Calculate the greatest common divisor of f and n.
8
Suppose -6042 = 96*l - 16410. Let c = -68 + 98. Let y = -18 + c. What is the highest common divisor of l and y?
12
Let b be 2112*((-60)/10 + (-76)/(-12)). What is the greatest common divisor of 33 and b?
11
Suppose 5*s = -30, -4*b - 9*s + 11*s = -18008. What is the highest common factor of 33 and b?
11
Let w = -3037 - -3273. What is the greatest common divisor of w and 3422?
118
Let y(z) = -1016*z + 8770. Let a be y(8). What is the highest common factor of a and 24?
6
Let b(u) = u**2 - 3*u - 121. Let y be b(13). Suppose -s = 11*s - 3348. Calculate the highest common divisor of y and s.
9
Let r(f) = 363*f**2 + 4*f**3 - 3*f**3 + 14 + 1 - 16*f - 359*f**2. Let g be r(6). Calculate the highest common divisor of g and 18.
9
Suppose 14*q - 1080 = 10*q + 2*g, 3*g = q - 270. Let t(b) = 108*b**2 + b - 1. Let h be t(1). What is the greatest common factor of q and h?
54
Suppose 85272 = -15*f + 31*f + 17*f. What is the greatest common divisor of 272 and f?
136
Let l(c) = -8*c - 38. Let j be l(-5). Let d = 11 - j. Calculate the highest common factor of 288 and d.
9
Suppose 0 = 3*w - m - 895, -4*w + 7*w + 4*m - 920 = 0. What is the greatest common divisor of w and 3?
3
Let a be 4/22 + 126/33. Suppose 2*u = -a*j + 356, 5*j - u = 240 + 212. Calculate the greatest common factor of 10 and j.
10
Let w(z) = z**2 + 22*z - 34. Let g be w(-24). Suppose -63 = -11*t + g. What is the highest common divisor of 28 and t?
7
Let v be 10425/(-45)*24/(-20). Calculate the highest common factor of 2641 and v.
139
Let t be (-5)/(((-135)/18)/3). Suppose -i = -5*i + 16, -4*d - 5*i = -128. Suppose t*y - 3 = d. What is the greatest common divisor of 15 and y?
15
Let i be -2 - (0 + -5)*4. Suppose f = 2, 0 = -3*l + 2*f - 0*f - 10. Let p(a) = -a**3 + 5*a + 4. Let v be p(l). What is the highest common divisor of i and v?
2
Let z(l) = 5*l**3 - 29*l**2 - 8*l - 13. Let y be z(11). What is the highest common divisor of 525 and y?
105
Let m = -196 + -41. Let h = -210 - m. Calculate the highest common factor of 189 and h.
27
Let w be (0 - (-4)/(-6))/((-59)/1062). Suppose 0 = 2*g - 2*l + w, -g + 4*l - 3 = 3. Let h be ((-69)/g)/(5/30). Calculate the highest common factor of 23 and h.
23
Suppose 0 = -2*k - 84 + 57 + 67. What is the greatest common factor of k and 1910?
10
Let h(m) = -8*m**2 + 106*m + 67. Let s be h(11). What is the highest common divisor of s and 318?
53
Let w be 3*((-10)/8)/((-114)/152). Suppose 0 = w*n + 4*s - 2823, 29*s = 5*n + 31*s - 2829. What is the highest common divisor of 126 and n?
63
Let w be 24 + 1 + -7 + 3. Suppose -130*n + 128*n - 39 = -3*k, -5*k = -4*n - 69. Calculate the highest common divisor of k and w.
3
Let t = 11 + 16. Let s be 5 + -7 + (-11)/(55/(-10)). Suppose -63*i + 44*i + 5643 = s. Calculate the greatest common divisor of t and i.
27
Let w(x) = -71*x - 3. Let b be w(-3). Suppose 4*f = 154 + b. Suppose -3*h - i + 160 = 2*h, -5*i = -2*h + f. Calculate the highest common divisor of 22 and h.
11
Suppose 0 = -k + z + 359 + 174, 3*k - 1579 = -z. What is the highest common factor of 297 and k?
33
Let c = -29 + 18. Let s be (8/6)/(c/(-66)). Let m(t) = t**3 - 17*t**2 + 2*t - 2. Let p be m(17). Calculate the greatest common divisor of p and s.
8
Let o(p) = 66*p**2 - 53*p - 2. Let u be o(1). Calculate the highest common factor of 20779 and u.
11
Let y be 1 + -3 + 1 - 1. Let r = y - 24. Let u = -6 - r. What is the highest common factor of 180 and u?
20
Let u = -24 + 41. Let h be 3 - (-28)/(-8) - 306/(-12). Let a = h + u. Calculate the greatest common factor of 105 and a.
21
Let w(a) = 317*a - 4612. Let q be w(16). Calculate the highest common divisor of 7636 and q.
92
Let o(m) = -2*m**2 + 11*m + 96. Let t be o(-6). Let n = 428 - t. Calculate the greatest common factor of n and 10.
10
Let v = 4815 - 4764. Calculate the highest common factor of 2193 and v.
51
Suppose 25*w - 584 = 366. Suppose 0 = -28*z + w*z - 510. What is the highest common factor of 187 and z?
17
Let v = -21428 + 21429. Calculate the greatest common factor of 4139 and v.
1
Let i be (-2)/(-14) + (-2724)/(-42). Let b(v) = -2*v**3 - 86*v**2 - 79*v + 223. Let x be b(-42). What is the highest common divisor of i and x?
13
Let c be 5 - 0/(-1 + -4). Suppose -c*l + 1181 + 40 = 4*i, -5*i + 5*l = -1470. What is the highest common divisor of i and 23?
23
Let b(t) = t + 1. Let z be b(3). Suppose 38*d - 10*d + 17 = 45. What is the greatest common factor of z and d?
1
Let m = -21943 - -23977. Calculate the greatest common divisor of 18 and m.
18
Suppose 0 = -330*q + 332*q - 286. Let z = -107 + q. What is the greatest common factor of 180 and z?
36
Let w(o) = -o + 6. Let j(f) = 10*f - 144. Let x be j(13). Let t be w(x). Calculate the greatest common factor of 30 and t.
10
Let b(k) = 644*k + 4524. Let x be b(-7). Calculate the highest common divisor of 244 and x.
4
Let h(t) = -t + 23. Let m be h(18). Suppose -m*a + 306 = -409. Suppose -9*g - 35 = -a. What is the highest common factor of 36 and g?
12
Let x be (600/(-140))/(((-3)/1)/21). Calculate the greatest common factor of 40 and x.
10
Let q(w) = 335*w + 64. Let f be q(7). Calculate the highest common factor of f and 33.
33
Suppose 1111*b - 1114*b - 1148 = -2*i, 5*i - 2*b = 2837. Calculate the highest common divisor of i and 339.
113
Let j be 616/(-21)*(-75)/20. Calculate the greatest common factor of 1190 and j.
10
Suppose -c = -a - a + 183, 0 = -3*c - 3*a - 504. Let l = -101 - c. Suppose v = -5*k - 2, 46*v = 42*v + 5*k + 42. What is the highest common divisor of v and l?
8
Suppose -10*j - 5*j = -600. Let t be (j/3)/((-14)/21 - -1). Calculate the greatest common factor of 140 and t.
